{"id":24,"date":"2020-05-11T12:47:44","date_gmt":"2020-05-11T12:47:44","guid":{"rendered":"http:\/\/www.memexitaly.it\/?page_id=24"},"modified":"2022-03-15T16:33:32","modified_gmt":"2022-03-15T16:33:32","slug":"chi-siamo","status":"publish","type":"page","link":"https:\/\/www.memexitaly.it\/it\/chi-siamo\/","title":{"rendered":"Chi siamo"},"content":{"rendered":"<div class=\"wpb-content-wrapper\">[vc_row full_width=&#8221;stretch_row_content&#8221; gap=&#8221;0&#8243; element_id=&#8221;91003&#8243;][vc_column animation_delay=&#8221;0&#8243; width=&#8221;1\/2&#8243; element_id=&#8221;151480&#8243; css=&#8221;.vc_custom_1632843321629{padding-top: 35px !important;padding-right: 35px !important;padding-left: 35px !important;}&#8221; crp=&#8221;374:i:i,375-767:i:i,768-1023:i:i,1024-1279:i:i,1280-1599:i:i,1600-1919:i:i&#8221;]<span class=\"et-gap et-clearfix et-gap-266637 hide1280\"><\/span><h6 class=\"et-heading text-align-left highlight-true\" id=\"et-heading-479374\" ><span class=\"text-wrapper\"><span class=\"text\">Chi siamo<\/span><span class=\"curtain\"><\/span><\/span><\/h6><span class=\"et-gap et-clearfix et-gap-545202\"><\/span><h1 class=\"et-heading text-align-left highlight-false\" id=\"et-heading-334342\" data-374-f=\"32\" data-374-lh=\"36\" data-375-767-f=\"48\" data-375-767-lh=\"48\"><span class=\"text-wrapper\"><span class=\"text\">Profilo della societ\u00e0<\/span><span class=\"curtain\"><\/span><\/span><\/h1><span class=\"et-gap et-clearfix et-gap-545202\"><\/span>[vc_column_text animation_delay=&#8221;0&#8243;]Da oltre 27 anni, MemEx fornisce assistenza tecnica e sistemistica ad Amministrazioni Locali, Aziende di Trasporto, Agenzie di Mobilit\u00e0, Enti di Ricerca, ed operatori di differenti servizi di Mobilit\u00e0 per le aree urbane, suburbane, e rurali.\u00a0 La mission aziendale consiste nel fornire supporto a questi soggetti durante l\u2019intero percorso di pianificazione, fattibilit\u00e0, progettazione, realizzazione, e valutazione di sistemi ITS, interventi, e soluzioni innovative di mobilit\u00e0 e logistica sostenibile, nonch\u00e8 nella gestione di progetti, nazionali ed internazionali, finalizzati all\u2019attivazione di esperienze pilota, dimostrazioni dell\u2019efficacia e sostenibilit\u00e0 degli interventi e valutazione degli stessi, al fine di pianificarne la successiva estensione o messa a regime.<\/p>\n<p>MemEx vanta infatti una consolidata esperienza a livello di Programmi Europei di ricerca, innovazione, dimostrazione e cooperazione e partecipa, in qualit\u00e0 di coordinatore tecnico e\/o partner, a Consorzi Europei nel campo dei servizi innovativi di mobilit\u00e0, trasporto pubblico sostenibile, ambiente urbano, logistica urbana, finanziati da differenti programmi dell\u2019UE.[\/vc_column_text]<span class=\"et-gap et-clearfix et-gap-289319\"><\/span><a id=\"et-button-219236\" class=\"et-button icon-position-right modal-false hover-scale smooth-false shadow-true none round normal medium\" target=\"_self\" href=\"\/it\/chi-siamo\/profilo-della-societa\/\" data-effect=\"scale\"><span class=\"text\">Profilo della Societ\u00e0<\/span><svg viewBox=\"0 0 220 56\" class=\"button-back\"><path class=\"regular\" d=\"M192,56H28A28,28,0,0,1,28,0H192A28,28,0,0,1,192,56Z\" data-hover=\"M192,56H28A28,28,0,0,1,28,0H192A28,28,0,0,1,192,56Z\"\/><\/svg><\/a><span class=\"et-gap et-clearfix et-gap-289319\"><\/span>[\/vc_column][vc_column animation_delay=&#8221;0&#8243; width=&#8221;1\/2&#8243; element_id=&#8221;899202&#8243; crp=&#8221;374:i:i,375-767:i:i,768-1023:i:i,1024-1279:i:i,1280-1599:i:i,1600-1919:i:i&#8221;][vc_single_image image=&#8221;8155&#8243; img_size=&#8221;800&#215;800&#8243; add_caption=&#8221;yes&#8221; alignment=&#8221;center&#8221;][\/vc_column][\/vc_row][vc_row gap=&#8221;0&#8243; element_id=&#8221;468885&#8243; element_css=&#8221;.vc-row-468885 .parallax-container {background-image:url(https:\/\/www.memexitaly.it\/wp-content\/uploads\/EU-2-scaled-1.jpg);}&#8221; grid_overlay=&#8221;black&#8221; parallax=&#8221;true&#8221; parallax_image=&#8221;7634&#8243; css=&#8221;.vc_custom_1632754922891{padding-top: 120px !important;padding-bottom: 120px !important;}&#8221; parallax_duration_bg=&#8221;100&#8243;][vc_column animation_delay=&#8221;0&#8243; element_id=&#8221;66314&#8243; offset=&#8221;vc_col-lg-6 vc_col-md-8 vc_col-xs-12&#8243; crp=&#8221;374:i:i,375-767:i:i,768-1023:10:10,1024-1279:i:i,1280-1599:i:i,1600-1919:i:i&#8221;]<div id=\"et-animate-box-132902\" class=\"et-animate-box et-animate-box-132902\" data-delay=\"0\" data-animation=\"left\" data-stagger=\"right\" data-color=\"#1b6039\"><div class=\"content vci\" ><span class=\"et-gap et-clearfix et-gap-58130 hide767\"><\/span><h6 class=\"et-heading text-align-left highlight-true\" id=\"et-heading-430224\" ><span class=\"text-wrapper\"><span class=\"text\">CHI SIAMO<\/span><span class=\"curtain\"><\/span><\/span><\/h6><span class=\"et-gap et-clearfix et-gap-570268 hide767\"><\/span><span class=\"et-gap et-clearfix et-gap-669073 hide768\"><\/span><h1 class=\"et-heading text-align-left highlight-false\" id=\"et-heading-659466\" data-374-f=\"27\" data-374-lh=\"32\" data-375-767-f=\"40\" data-375-767-lh=\"40\"><span class=\"text-wrapper\"><span class=\"text\">Storia aziendale<\/span><span class=\"curtain\"><\/span><\/span><\/h1><span class=\"et-gap et-clearfix et-gap-601156 hide767\"><\/span><span class=\"et-gap et-clearfix et-gap-116598 hide768\"><\/span>[vc_column_text animation_delay=&#8221;0&#8243;]\n<p style=\"font-size: 18px; line-height: 28px; color: #ffffff;\">I primi incarichi hanno riguardato la definizione delle specifiche per la realizzazione di sistemi UTC e di controllo del traffico e la gestione della fase di acquisizione e contrattualizzazione della fornitura. In parallelo MemEx \u00e8 gi\u00e0 attiva, all\u2019inizio della sua storia, nei programmi di ricerca e sviluppo in ambito europeo (Transport Telematics e IST Information Society Technologies, THERMIE, JUPITER) ed a livello nazionale (ALIFE Ministero dell\u2019Ambiente). Successivamente MemEx ha consolidato le proprie competenze nel supporto alla realizzazione\/direzione ai lavori, collaudo, messa in servizio e gestione dei sistemi tecnologici, estendendo, in momenti successivi, l\u2019attivit\u00e0 ad altri sistemi ITS quali sistemi di controllo flotta, sistemi di informazione all\u2019utenza, sistemi di bigliettazione elettronica, sistemi di parcheggio, servizi intermedi di trasporto (servizi a domanda, car\/van sharing, bike sharing), sistemi di logistica.<\/p>\n[\/vc_column_text]<span class=\"et-gap et-clearfix et-gap-741196 hide768\"><\/span><span class=\"et-gap et-clearfix et-gap-360193 hide767\"><\/span><a id=\"et-button-712510\" class=\"et-button icon-position-right modal-false hover-scale smooth-false shadow-true none round normal medium\" target=\"_self\" href=\"\/it\/chi-siamo\/storia-aziendale\/\" data-effect=\"scale\"><span class=\"text\">Storia aziendale<\/span><svg viewBox=\"0 0 220 56\" class=\"button-back\"><path class=\"regular\" d=\"M192,56H28A28,28,0,0,1,28,0H192A28,28,0,0,1,192,56Z\" data-hover=\"M192,56H28A28,28,0,0,1,28,0H192A28,28,0,0,1,192,56Z\"\/><\/svg><\/a><span class=\"et-gap et-clearfix et-gap-143774 hide767\"><\/span><\/div><svg viewBox=\"0 0 100 120\" class=\"box-back\"><path d=\"M0,0H100A133,133,0,0,1,90,120H0A133,133,0,0,0,0,0Z\" data-dclone=\"M0,0H100A133,133,0,0,1,90,120H0A133,133,0,0,0,0,0Z\" data-end=\"M0,0H100V120H0V0Z\"\/><\/svg><\/div>[\/vc_column][vc_column animation_delay=&#8221;0&#8243; element_id=&#8221;724065&#8243; offset=&#8221;vc_col-lg-6 vc_col-md-4 vc_col-xs-12&#8243; crp=&#8221;374:i:i,375-767:i:i,768-1023:i:i,1024-1279:i:i,1280-1599:i:i,1600-1919:i:i&#8221;][\/vc_column][\/vc_row][vc_row full_width=&#8221;stretch_row_content&#8221; gap=&#8221;0&#8243; element_id=&#8221;91003&#8243;][vc_column width=&#8221;1\/2&#8243;][vc_single_image image=&#8221;8157&#8243; img_size=&#8221;900&#215;600&#8243; add_caption=&#8221;yes&#8221; alignment=&#8221;center&#8221;][\/vc_column][vc_column animation_delay=&#8221;0&#8243; width=&#8221;1\/2&#8243; element_id=&#8221;151480&#8243; css=&#8221;.vc_custom_1632843321629{padding-top: 35px !important;padding-right: 35px !important;padding-left: 35px !important;}&#8221; crp=&#8221;374:i:i,375-767:i:i,768-1023:i:i,1024-1279:i:i,1280-1599:i:i,1600-1919:i:i&#8221;]<span class=\"et-gap et-clearfix et-gap-412061 hide1280\"><\/span><h6 class=\"et-heading text-align-left highlight-true\" id=\"et-heading-818672\" ><span class=\"text-wrapper\"><span class=\"text\">Chi siamo<\/span><span class=\"curtain\"><\/span><\/span><\/h6><span class=\"et-gap et-clearfix et-gap-545202\"><\/span><h1 class=\"et-heading text-align-left highlight-false\" id=\"et-heading-252289\" data-374-f=\"32\" data-374-lh=\"36\" data-375-767-f=\"48\" data-375-767-lh=\"48\"><span class=\"text-wrapper\"><span class=\"text\">Team<\/span><span class=\"curtain\"><\/span><\/span><\/h1><span class=\"et-gap et-clearfix et-gap-545202\"><\/span>[vc_column_text animation_delay=&#8221;0&#8243;]Il team di MemEx offre una variet\u00e0 di competenze, skills, e esperienze che permettono alla societ\u00e0 di offrire una vasta gamma di servizi di consulenza e assistenza tecnico-sistemistica ai vari clienti. Lo staff di MemEx comprende ingegneri trasportisti, informatici, e esperti di mobilit\u00e0 e logistica sostenibile.<\/p>\n<p>Attualmente MemEx \u00e8 composta da 6 professionisti con esperienza pluridecennale nella collaborazione con enti e aziende a livello Nazionale, Europeo, ed internazionale ed a cui si aggiunge una numerosa serie di collaborazioni esterne, alcune delle quali consolidate nel tempo ed a carattere pressoch\u00e9 continuativo.[\/vc_column_text]<span class=\"et-gap et-clearfix et-gap-289319\"><\/span><span class=\"et-gap et-clearfix et-gap-741196 hide768\"><\/span><a id=\"et-button-593950\" class=\"et-button icon-position-right modal-false hover-scale smooth-false shadow-true none round normal medium\" target=\"_self\" href=\"\/it\/chi-siamo\/meet-the-team\/\" data-effect=\"scale\"><span class=\"text\">Meet the Team<\/span><svg viewBox=\"0 0 220 56\" class=\"button-back\"><path class=\"regular\" d=\"M192,56H28A28,28,0,0,1,28,0H192A28,28,0,0,1,192,56Z\" data-hover=\"M192,56H28A28,28,0,0,1,28,0H192A28,28,0,0,1,192,56Z\"\/><\/svg><\/a><span class=\"et-gap et-clearfix et-gap-360193 hide767\"><\/span>[\/vc_column][\/vc_row]\n<\/div>","protected":false},"excerpt":{"rendered":"<p>[vc_row full_width=&#8221;stretch_row_content&#8221; gap=&#8221;0&#8243; element_id=&#8221;91003&#8243;][vc_column animation_delay=&#8221;0&#8243; width=&#8221;1\/2&#8243; element_id=&#8221;151480&#8243; css=&#8221;.vc_custom_1632843321629{padding-top: 35px !important;padding-right: 35px !important;padding-left: 35px !important;}&#8221; crp=&#8221;374:i:i,375-767:i:i,768-1023:i:i,1024-1279:i:i,1280-1599:i:i,1600-1919:i:i&#8221;][vc_column_text animation_delay=&#8221;0&#8243;]Da oltre 27 anni, MemEx fornisce assistenza tecnica e sistemistica ad Amministrazioni Locali, Aziende di Trasporto, Agenzie di Mobilit\u00e0, Enti di Ricerca, ed operatori di differenti servizi di Mobilit\u00e0 per le aree urbane, suburbane, e rurali.\u00a0 La mission aziendale consiste [&hellip;]<\/p>\n","protected":false},"author":15,"featured_media":0,"parent":0,"menu_order":0,"comment_status":"closed","ping_status":"closed","template":"page-vc.php","meta":{"footnotes":""},"class_list":["post-24","page","type-page","status-publish","hentry"],"_links":{"self":[{"href":"https:\/\/www.memexitaly.it\/it\/wp-json\/wp\/v2\/pages\/24","targetHints":{"allow":["GET"]}}],"collection":[{"href":"https:\/\/www.memexitaly.it\/it\/wp-json\/wp\/v2\/pages"}],"about":[{"href":"https:\/\/www.memexitaly.it\/it\/wp-json\/wp\/v2\/types\/page"}],"author":[{"embeddable":true,"href":"https:\/\/www.memexitaly.it\/it\/wp-json\/wp\/v2\/users\/15"}],"replies":[{"embeddable":true,"href":"https:\/\/www.memexitaly.it\/it\/wp-json\/wp\/v2\/comments?post=24"}],"version-history":[{"count":0,"href":"https:\/\/www.memexitaly.it\/it\/wp-json\/wp\/v2\/pages\/24\/revisions"}],"wp:attachment":[{"href":"https:\/\/www.memexitaly.it\/it\/wp-json\/wp\/v2\/media?parent=24"}],"curies":[{"name":"wp","href":"https:\/\/api.w.org\/{rel}","templated":true}]}}

<div class="wpb-content-wrapper">[vc_row full_width=&#8221;stretch_row_content&#8221; gap=&#8221;0&#8243; element_id=&#8221;91003&#8243;][vc_column animation_delay=&#8221;0&#8243; width=&#8221;1/2&#8243; element_id=&#8221;151480&#8243; css=&#8221;.vc_custom_1632843321629{padding-top: 35px !important;padding-right: 35px !important;padding-left: 35px !important;}&#8221; crp=&#8221;374:i:i,375-767:i:i,768-1023:i:i,1024-1279:i:i,1280-1599:i:i,1600-1919:i:i&#8221;]<span class="et-gap et-clearfix et-gap-266637 hide1280"></span><h6 class="et-heading text-align-left highlight-true" id="et-heading-479374" ><span class="text-wrapper"><span class="text">Chi siamo</span><span class="curtain"></span></span></h6><span class="et-gap et-clearfix et-gap-545202"></span><h1 class="et-heading text-align-left highlight-false" id="et-heading-334342" data-374-f="32" data-374-lh="36" data-375-767-f="48" data-375-767-lh="48"><span class="text-wrapper"><span class="text">Profilo della società</span><span class="curtain"></span></span></h1><span class="et-gap et-clearfix et-gap-545202"></span>[vc_column_text animation_delay=&#8221;0&#8243;]Da oltre 27 anni, MemEx fornisce assistenza tecnica e sistemistica ad Amministrazioni Locali, Aziende di Trasporto, Agenzie di Mobilità, Enti di Ricerca, ed operatori di differenti servizi di Mobilità per le aree urbane, suburbane, e rurali.  La mission aziendale consiste nel fornire supporto a questi soggetti durante l’intero percorso di pianificazione, fattibilità, progettazione, realizzazione, e valutazione di sistemi ITS, interventi, e soluzioni innovative di mobilità e logistica sostenibile, nonchè nella gestione di progetti, nazionali ed internazionali, finalizzati all’attivazione di esperienze pilota, dimostrazioni dell’efficacia e sostenibilità degli interventi e valutazione degli stessi, al fine di pianificarne la successiva estensione o messa a regime.</p>
<p>MemEx vanta infatti una consolidata esperienza a livello di Programmi Europei di ricerca, innovazione, dimostrazione e cooperazione e partecipa, in qualità di coordinatore tecnico e/o partner, a Consorzi Europei nel campo dei servizi innovativi di mobilità, trasporto pubblico sostenibile, ambiente urbano, logistica urbana, finanziati da differenti programmi dell’UE.[/vc_column_text]<span class="et-gap et-clearfix et-gap-289319"></span><a id="et-button-219236" class="et-button icon-position-right modal-false hover-scale smooth-false shadow-true none round normal medium" target="_self" href="/it/chi-siamo/profilo-della-societa/" data-effect="scale"><span class="text">Profilo della Società</span><svg viewBox="0 0 220 56" class="button-back"><path class="regular" d="M192,56H28A28,28,0,0,1,28,0H192A28,28,0,0,1,192,56Z" data-hover="M192,56H28A28,28,0,0,1,28,0H192A28,28,0,0,1,192,56Z"/></svg></a><span class="et-gap et-clearfix et-gap-289319"></span>[/vc_column][vc_column animation_delay=&#8221;0&#8243; width=&#8221;1/2&#8243; element_id=&#8221;899202&#8243; crp=&#8221;374:i:i,375-767:i:i,768-1023:i:i,1024-1279:i:i,1280-1599:i:i,1600-1919:i:i&#8221;][vc_single_image image=&#8221;8155&#8243; img_size=&#8221;800&#215;800&#8243; add_caption=&#8221;yes&#8221; alignment=&#8221;center&#8221;][/vc_column][/vc_row][vc_row gap=&#8221;0&#8243; element_id=&#8221;468885&#8243; element_css=&#8221;.vc-row-468885 .parallax-container {background-image:url(https://www.memexitaly.it/wp-content/uploads/EU-2-scaled-1.jpg);}&#8221; grid_overlay=&#8221;black&#8221; parallax=&#8221;true&#8221; parallax_image=&#8221;7634&#8243; css=&#8221;.vc_custom_1632754922891{padding-top: 120px !important;padding-bottom: 120px !important;}&#8221; parallax_duration_bg=&#8221;100&#8243;][vc_column animation_delay=&#8221;0&#8243; element_id=&#8221;66314&#8243; offset=&#8221;vc_col-lg-6 vc_col-md-8 vc_col-xs-12&#8243; crp=&#8221;374:i:i,375-767:i:i,768-1023:10:10,1024-1279:i:i,1280-1599:i:i,1600-1919:i:i&#8221;]<div id="et-animate-box-132902" class="et-animate-box et-animate-box-132902" data-delay="0" data-animation="left" data-stagger="right" data-color="#1b6039"><div class="content vci" ><span class="et-gap et-clearfix et-gap-58130 hide767"></span><h6 class="et-heading text-align-left highlight-true" id="et-heading-430224" ><span class="text-wrapper"><span class="text">CHI SIAMO</span><span class="curtain"></span></span></h6><span class="et-gap et-clearfix et-gap-570268 hide767"></span><span class="et-gap et-clearfix et-gap-669073 hide768"></span><h1 class="et-heading text-align-left highlight-false" id="et-heading-659466" data-374-f="27" data-374-lh="32" data-375-767-f="40" data-375-767-lh="40"><span class="text-wrapper"><span class="text">Storia aziendale</span><span class="curtain"></span></span></h1><span class="et-gap et-clearfix et-gap-601156 hide767"></span><span class="et-gap et-clearfix et-gap-116598 hide768"></span>[vc_column_text animation_delay=&#8221;0&#8243;]
<p style="font-size: 18px; line-height: 28px; color: #ffffff;">I primi incarichi hanno riguardato la definizione delle specifiche per la realizzazione di sistemi UTC e di controllo del traffico e la gestione della fase di acquisizione e contrattualizzazione della fornitura. In parallelo MemEx è già attiva, all’inizio della sua storia, nei programmi di ricerca e sviluppo in ambito europeo (Transport Telematics e IST Information Society Technologies, THERMIE, JUPITER) ed a livello nazionale (ALIFE Ministero dell’Ambiente). Successivamente MemEx ha consolidato le proprie competenze nel supporto alla realizzazione/direzione ai lavori, collaudo, messa in servizio e gestione dei sistemi tecnologici, estendendo, in momenti successivi, l’attività ad altri sistemi ITS quali sistemi di controllo flotta, sistemi di informazione all’utenza, sistemi di bigliettazione elettronica, sistemi di parcheggio, servizi intermedi di trasporto (servizi a domanda, car/van sharing, bike sharing), sistemi di logistica.</p>
[/vc_column_text]<span class="et-gap et-clearfix et-gap-741196 hide768"></span><span class="et-gap et-clearfix et-gap-360193 hide767"></span><a id="et-button-712510" class="et-button icon-position-right modal-false hover-scale smooth-false shadow-true none round normal medium" target="_self" href="/it/chi-siamo/storia-aziendale/" data-effect="scale"><span class="text">Storia aziendale</span><svg viewBox="0 0 220 56" class="button-back"><path class="regular" d="M192,56H28A28,28,0,0,1,28,0H192A28,28,0,0,1,192,56Z" data-hover="M192,56H28A28,28,0,0,1,28,0H192A28,28,0,0,1,192,56Z"/></svg></a><span class="et-gap et-clearfix et-gap-143774 hide767"></span></div><svg viewBox="0 0 100 120" class="box-back"><path d="M0,0H100A133,133,0,0,1,90,120H0A133,133,0,0,0,0,0Z" data-dclone="M0,0H100A133,133,0,0,1,90,120H0A133,133,0,0,0,0,0Z" data-end="M0,0H100V120H0V0Z"/></svg></div>[/vc_column][vc_column animation_delay=&#8221;0&#8243; element_id=&#8221;724065&#8243; offset=&#8221;vc_col-lg-6 vc_col-md-4 vc_col-xs-12&#8243; crp=&#8221;374:i:i,375-767:i:i,768-1023:i:i,1024-1279:i:i,1280-1599:i:i,1600-1919:i:i&#8221;][/vc_column][/vc_row][vc_row full_width=&#8221;stretch_row_content&#8221; gap=&#8221;0&#8243; element_id=&#8221;91003&#8243;][vc_column width=&#8221;1/2&#8243;][vc_single_image image=&#8221;8157&#8243; img_size=&#8221;900&#215;600&#8243; add_caption=&#8221;yes&#8221; alignment=&#8221;center&#8221;][/vc_column][vc_column animation_delay=&#8221;0&#8243; width=&#8221;1/2&#8243; element_id=&#8221;151480&#8243; css=&#8221;.vc_custom_1632843321629{padding-top: 35px !important;padding-right: 35px !important;padding-left: 35px !important;}&#8221; crp=&#8221;374:i:i,375-767:i:i,768-1023:i:i,1024-1279:i:i,1280-1599:i:i,1600-1919:i:i&#8221;]<span class="et-gap et-clearfix et-gap-412061 hide1280"></span><h6 class="et-heading text-align-left highlight-true" id="et-heading-818672" ><span class="text-wrapper"><span class="text">Chi siamo</span><span class="curtain"></span></span></h6><span class="et-gap et-clearfix et-gap-545202"></span><h1 class="et-heading text-align-left highlight-false" id="et-heading-252289" data-374-f="32" data-374-lh="36" data-375-767-f="48" data-375-767-lh="48"><span class="text-wrapper"><span class="text">Team</span><span class="curtain"></span></span></h1><span class="et-gap et-clearfix et-gap-545202"></span>[vc_column_text animation_delay=&#8221;0&#8243;]Il team di MemEx offre una varietà di competenze, skills, e esperienze che permettono alla società di offrire una vasta gamma di servizi di consulenza e assistenza tecnico-sistemistica ai vari clienti. Lo staff di MemEx comprende ingegneri trasportisti, informatici, e esperti di mobilità e logistica sostenibile.</p>
<p>Attualmente MemEx è composta da 6 professionisti con esperienza pluridecennale nella collaborazione con enti e aziende a livello Nazionale, Europeo, ed internazionale ed a cui si aggiunge una numerosa serie di collaborazioni esterne, alcune delle quali consolidate nel tempo ed a carattere pressoché continuativo.[/vc_column_text]<span class="et-gap et-clearfix et-gap-289319"></span><span class="et-gap et-clearfix et-gap-741196 hide768"></span><a id="et-button-593950" class="et-button icon-position-right modal-false hover-scale smooth-false shadow-true none round normal medium" target="_self" href="/it/chi-siamo/meet-the-team/" data-effect="scale"><span class="text">Meet the Team</span><svg viewBox="0 0 220 56" class="button-back"><path class="regular" d="M192,56H28A28,28,0,0,1,28,0H192A28,28,0,0,1,192,56Z" data-hover="M192,56H28A28,28,0,0,1,28,0H192A28,28,0,0,1,192,56Z"/></svg></a><span class="et-gap et-clearfix et-gap-360193 hide767"></span>[/vc_column][/vc_row]
</div>

<p>[vc_row full_width=&#8221;stretch_row_content&#8221; gap=&#8221;0&#8243; element_id=&#8221;91003&#8243;][vc_column animation_delay=&#8221;0&#8243; width=&#8221;1/2&#8243; element_id=&#8221;151480&#8243; css=&#8221;.vc_custom_1632843321629{padding-top: 35px !important;padding-right: 35px !important;padding-left: 35px !important;}&#8221; crp=&#8221;374:i:i,375-767:i:i,768-1023:i:i,1024-1279:i:i,1280-1599:i:i,1600-1919:i:i&#8221;][vc_column_text animation_delay=&#8221;0&#8243;]Da oltre 27 anni, MemEx fornisce assistenza tecnica e sistemistica ad Amministrazioni Locali, Aziende di Trasporto, Agenzie di Mobilità, Enti di Ricerca, ed operatori di differenti servizi di Mobilità per le aree urbane, suburbane, e rurali.  La mission aziendale consiste [&hellip;]</p>
